- 163*v - 6077. Determine z(-104).
59
Let c(l) = l**3 + 36*l**2 - 824*l - 28429. Determine c(-38).
-5
Let t(c) = 2*c**2 - 34*c + 781. Calculate t(23).
1057
Let z(n) = 3*n**2 - 22*n - 81. Determine z(-5).
104
Let y(a) = a**3 - 7*a**2 - 706*a + 3547. What is y(5)?
-33
Let g(m) = 5*m**2 + 8219*m - 8222. Give g(1).
2
Let u(d) = -8874*d + 630096. What is u(71)?
42
Let r(u) = -u**3 + 12*u**2 - 284*u + 3661. What is r(12)?
253
Let l(h) = 21489*h + 472761. What is l(-22)?
3
Let l(k) = -21656*k - 2923560. Calculate l(-135).
0
Let n(a) = 3362*a - 457288. What is n(136)?
-56
Let v(r) = -52*r**3 + 239*r**2 + 2102*r - 369. Calculate v(9).
0
Let q(b) = 21*b**2 - 138*b + 1529. Give q(14).
3713
Let o(t) = -1428*t - 41415. Calculate o(-29).
-3
Let y(u) = -23500*u - 28270500. Calculate y(-1203).
0
Let r(n) = -2016*n - 1217716. What is r(-604)?
-52
Let h(s) = s**3 - 12*s**2 - 39*s + 159. Determine h(14).
5
Let z(d) = -128*d**2 + 8196*d - 114. Give z(64).
142
Let m(r) = -r**2 + 44109*r + 617748. Give m(-14).
26
Let x(l) = 9*l**3 - 12*l**2 - 120*l + 757. Determine x(6).
1549
Let b(k) = -2*k**2 - 455*k - 7979. What is b(-18)?
-437
Let o(z) = 45*z**2 + 266*z + 139. Determine o(-5).
-66
Let k(s) = -5*s**2 + 1402*s + 39126. What is k(306)?
-42
Let b(a) = -28*a**2 + 144*a - 440. Determine b(3).
-260
Let a(q) = -q**3 - 66*q**2 + 399*q + 22295. Calculate a(-67).
51
Let z(c) = -8*c**2 - 132*c + 71. Determine z(-7).
603
Let f(v) = 4*v**3 + 35*v**2 - 4488*v - 35999. Calculate f(-8).
97
Let w(p) = 14*p**2 + 202*p + 1984. Calculate w(-9).
1300
Let r(o) = 325*o + 1147. Calculate r(0).
1147
Let z(s) = 45*s**3 + 13*s**2 - 72*s + 75. Determine z(3).
1191
Let u(n) = n**3 - 283*n**2 + 6007*n - 7025. Calculate u(260).
-5
Let u(w) = 3693*w + 70188. Calculate u(-19).
21
Let y(a) = -1779*a**2 - 5083*a + 772. Determine y(-3).
10
Let t(g) = 574289*g + 7465760. Give t(-13).
3
Let x(f) = 2*f**2 + 204*f + 614. Calculate x(-99).
20
Let o(t) = -758*t**2 + 31190*t - 4592. Give o(41).
0
Let n(b) = 13791*b - 10839700. Calculate n(786).
26
Let a(t) = t**2 + 1396*t - 1971430. Determine a(870).
-10
Let i(p) = 70*p**2 - 4221*p + 1201. Calculate i(60).
-59
Let c(g) = 4*g**3 + 53*g**2 - 6557*g - 85381. Give c(-13).
29
Let c(v) = v**3 + 30*v**2 + 107*v - 321. Determine c(-25).
129
Let i(h) = 558*h**2 - 6245*h + 1154. What is i(11)?
-23
Let p(x) = 2711170*x + 70490426. Calculate p(-26).
6
Let h(t) = -2*t**2 + 17377*t - 312144. Give h(18).
-6
Let w(h) = 1519*h**2 + 328101*h - 640. Determine w(-216).
8
Let y(f) = -22*f**2 - 504*f - 3534. What is y(-7)?
-1084
Let o(c) = -11764*c + 423194. Give o(36).
-310
Let r(g) = -g**2 - 2200*g - 568397. What is r(-299)?
2
Let b(m) = 15823*m + 1250047. What is b(-79)?
30
Let m(a) = a**2 + 720*a + 12535. Calculate m(-18).
-101
Let q(s) = -8860*s + 363386. Determine q(41).
126
Let s(w) = -53*w**2 - 2051*w + 26801. What is s(-49)?
47
Let m(t) = 653*t - 25617. Determine m(36).
-2109
Let a(n) = -10*n**2 + 181*n + 62. Give a(21).
-547
Let s(f) = -974*f - 175981. Give s(-179).
-1635
Let a(r) = -2*r**3 - 107*r**2 - 760*r - 246. Calculate a(-45).
-471
Let x(g) = -g**2 + 4330*g - 1063. What is x(0)?
-1063
Let x(v) = 31*v + 17. Calculate x(-19).
-572
Let s(g) = -345*g + 8982. What is s(28)?
-678
Let c(g) = -g**3 + 1623*g**2 + 233548*g + 10. Determine c(-133).
10
Let q(h) = -52*h**2 + 90*h - 383. Give q(9).
-3785
Let g(y) = -y**3 - 8*y**2 - y + 4. Determine g(-9).
94
Let l(z) = 3*z**3 - 30*z**2 - 2631*z + 18862. Give l(7).
4
Let h(n) = -13*n**2 - 700*n - 739. Give h(-51).
1148
Let x(k) = -2*k**2 - 168*k - 2694. What is x(-18)?
-318
Let f(u) = u**2 - 187900*u - 7141642. Determine f(-38).
2
Let w(b) = 13*b**2 - 976*b - 1930. What is w(-2)?
74
Let s(n) = n**3 - 31*n**2 + 7168*n + 173457. Determine s(-21).
-3
Let q(z) = -3*z**2 - 12*z + 2098. Calculate q(29).
-773
Let b(f) = -2*f**2 - 59326*f + 890311. What is b(15)?
-29
Let c(w) = 147*w + 3702. What is c(-26)?
-120
Let g(r) = 40*r**3 + 119*r**2 - 2*r - 3. What is g(-3)?
-6
Let j(u) = u**3 - 11*u**2 + 22454*u - 247000. What is j(11)?
-6
Let q(k) = k**3 - 81*k**2 - 100438*k + 532. Determine q(-279).
-26
Let j(y) = 301*y**2 + 580*y - 8. Determine j(-2).
36
Let q(i) = -i**3 - 664*i**2 - 3756*i + 126345. Determine q(-658).
9
Let z(c) = 304*c + 3231. What is z(-10)?
191
Let k(i) = -i**2 + 564*i - 77097. What is k(326)?
491
Let y(m) = 1341*m + 89659. Calculate y(-64).
3835
Let a(t) = -1502*t - 2170. Calculate a(-2).
834
Let t(r) = r**2 - 618*r + 22161. What is t(38)?
121
Let s(l) = -l**3 - 36*l**2 - 31*l - 1064. Give s(-36).
52
Let u(r) = 7*r**3 + 85*r**2 - 354*r. Determine u(4).
392
Let y(n) = -2*n**2 - 16036*n + 240989. Give y(15).
-1
Let g(r) = -2*r**2 - 21*r - 394. Determine g(-25).
-1119
Let k(l) = -1117932*l + 13415183. Give k(12).
-1
Let o(m) = -39*m**2 + 3338*m - 538. What is o(85)?
1417
Let t(l) = 13067*l + 169871. What is t(-13)?
0
Let a(w) = -3*w**3 - 14*w**2 - 79*w + 726. Give a(5).
-394
Let l(v) = 3*v**3 - 203*v**2 - 36*v - 1879. Determine l(68).
297
Let q(t) = -31*t**2 - 379*t - 229. What is q(-10)?
461
Let j(n) = n**3 - n**2 - 132*n - 205. Determine j(-10).
15
Let v(s) = -s**3 + 43*s**2 - 426*s + 683. Determine v(12).
35
Let h(o) = -161*o**2 - 1482*o + 1280. What is h(-10)?
0
Let d(b) = -2*b**3 - 934*b**2 - 15*b - 7044. Determine d(-467).
-39
Let d(h) = -h**3 + 173*h**2 - 2195*h - 4934. What is d(159)?
-5
Let c(p) = -177734*p + 355992. Determine c(2).
524
Let d(u) = 6757*u - 48259. Give d(7).
-960
Let z(m) = m**3 + 38*m**2 - 770*m - 28583. Give z(-39).
-74
Let h(i) = 6*i**2 - 12*i - 295. Calculate h(8).
-7
Let d(y) = -3*y**3 + 20*y**2 - 808*y + 4785. Determine d(6).
9
Let m(b) = -234*b - 5321. Determine m(-32).
2167
Let d(p) = p**3 - 23*p**2 - 148*p + 81. What is d(0)?
81
Let x(f) = -36*f - 3001. Calculate x(-99).
563
Let o(p) = -91225*p - 456151. What is o(-5)?
-26
Let q(k) = -k**2 - 11349*k - 9509022. What is q(-911)?
-4
Let j(t) = -149*t**2 - 32672*t - 8979. What is j(-219)?
0
Let x(l) = -2*l**3 + 4*l**2 + 113*l + 118. Calculate x(9).
1
Let r(t) = -210*t + 1. Calculate r(0).
1
Let b(r) = 394*r**2 + 9357*r - 2369. Give b(-24).
7
Let z(x) = 71778*x + 1004878. Calculate z(-14).
-14
Let j(x) = -x**3 - 4*x**2 + 134*x + 47. Give j(-13).
-174
Let o(b) = b**3 + 4*b**2 - 112*b + 69. What is o(-13)?
4
Let x(g) = 2*g**2 + 330*g + 7136. Calculate x(-20).
1336
Let h(s) = s**2 - 8252*s - 290047. Calculate h(-35).
-2
Let t(k) = -4*k**3 - 97*k**2 + 697*k - 84. Give t(-30).
-294
Let n(g) = -7*g**3 + 1214*g**2 - 448*g - 12272. What is n(173)?
11
Let i(u) = -430*u - 33327. What is i(-78)?
213
Let c(i) = 3*i**3 - 298*i**2 + 95*i + 404. Calculate c(99).
8
Let b(g) = -421585*g - 16441823. Determine b(-39).
-8
Let t(p) = -2*p**3 + 236*p**2 + 2292*p - 732. Give t(127).
30
Let i(w) = w**2 + 484*w + 2889. Determine i(-6).
21
Let x(m) = -15*m**2 + 93*m - 188. Calculate x(14).
-1826
Let l(n) = 4*n**3 - 22*n**2 + 132*n - 621. Determine l(5).
-11
Let x(f) = -2*f**2 + 51*f - 443. Calculate x(21).
-254
Let x(z) = z**2 + 168*z + 5586. Calculate x(-44).
130
Let o(s) = s**3 + 6*s**2 - 40*s + 385. Give o(-12).
1
Let w(b) = -82*b**3 - 275*b**2 - 78*b - 8. What is w(-3)?
-35
Let u(l) = 4*l**2 + 35325*l - 318258. Give u(9).
-9
Let p(q) = -3*q**3 + 693*q**2 - 2*q + 431. What is p(231)?
-31
Let y(z) = 2*z**2 - 214*z + 4887. Calculate y(78).
363
Let u(t) = 4731*t - 13775. Determine u(3).
418
Let n(c) = -4*c**2 - 50*c + 190. Determine n(-15).
40
Let w(y) = 2*y**2 - 203*y - 4417. Give w(130).
2993
Let m(o) = -927*o**2 + 942761*o - 2001. Calculate m(1017).
33
Let b(t) = t**2 + 3555*t - 477. Determine b(0).
-477
Let d(r) = 3*r**3 - 2046*r**2 + 10164*r - 6057. What is d(677)?
36
Let m(u) = -u**3 - 118*u**2 - 175*u - 6818. Give m(-117).
-32
Let r(w) = -22*w**2 - 535*w - 566. Determine r(-23).
101
Let b(m) = -101*m - 363. What is b(9)?
-1272
Let k(j) = 5597*j**2 + 39188*j + 3. Give k(-7).
-60
Let y(c) = -6*c**3 - 7*c**2 - 74*c + 452. What is y(4)?
-340
Let j(f) = -8*f**3 - 2*f**2 + 184*f + 679. What is j(-4)?
423
Let u(o) = 6*o**3 + 34*o**2 - 232*o - 412. Give u(-9).
56
Let p(n) = 8*n**2 - 4887*n + 693129. Determine p(387).
12
Let z(u) = 519*u - 170213. Give z(328).
19
Let i(w) = 5199*w + 176780. Give i(-34).
14
Let y(b) = b**2 - 99*b - 52074. Calculate y(-184).
-2
L